is -261340 (base 8) in base 16?
-162e0
What is 164161326 (base 7) in base 3?
210002110000010
Convert 201120011102 (base 3) to base 2.
1011110000000000111
Convert -1854143 (base 9) to base 8.
-3756472
What is -1b3808 (base 16) in base 5?
-424040231
What is 432213034 (base 5) in base 14?
35ac38
Convert 242550453 (base 6) to base 2.
10001100111011001100001
1101111101001100100001 (base 2) to base 7
43045160
What is 1223120320 (base 4) in base 15?
8a4e4
Convert 7d0f0 (base 16) to base 8.
1750360
-1122021012211 (base 3) to base 2
-11010100101110010000
20220020220000 (base 3) to base 12
1289690
What is -14023732 (base 9) in base 10?
-6924638
Convert 19a5257 (base 11) to base 3.
20100102210101
Convert -388c3 (base 13) to base 6.
-2125014
What is -33112122323 (base 4) in base 6?
-222125335
What is -101000100011100110010100 (base 2) in base 4?
-220203212110
-24014 (base 12) to base 8
-136420
Convert -1500156 (base 10) to base 13.
-406a88
What is -181113 (base 9) in base 10?
-112359
9b84 (base 13) to base 14
7ccc
Convert -b51d8 (base 14) to base 16.
-6a9ca
Convert -3752044 (base 8) to base 12.
-420398
Convert -312331120 (base 4) to base 14.
-5c076
What is 411765 (base 9) in base 14?
64d68
-103321120 (base 4) to base 11
-56258
Convert -1001011022011 (base 3) to base 10.
-554260
Convert 235446 (base 9) to base 2.
100010100111100000
Convert -2313707 (base 8) to base 7.
-5225612
Convert -1000220001202 (base 3) to base 16.
-86078
What is 52244020 (base 6) in base 15?
1edb89
What is -15085578 (base 9) in base 12?
-26164bb
What is 4b0c (base 14) in base 13?
5ca1
Convert -4210a3 (base 12) to base 14.
-1d0735
245162 (base 7) to base 15
d51b
60d58b (base 15) to base 7
54053051
-1460cb (base 14) to base 7
-6006344
-26119 (base 16) to base 9
-256804
-851cb (base 14) to base 6
-10520023
-a6912 (base 12) to base 7
-1601411
Convert -664365 (base 9) to base 7.
-3242036
Convert -10101001111010011011010 (base 2) to base 3.
-101110212110100
521261 (base 7) to base 2
10101110011101001
-45031373 (base 8) to base 7
-145360655
-2142123402 (base 5) to base 15
-61b687
What is -10454502 (base 6) in base 10?
-318566
10191134 (base 11) to base 14
28acdcc
1102112121211 (base 3) to base 2
10111001001101010110
What is -589138 (base 14) in base 9?
-5614510
82760 (base 13) to base 4
321022133
-f450a (base 16) to base 4
-3310110022
Convert 102502013 (base 6) to base 11.
102862a
165681 (base 14) to base 11
495588
What is 11011000011000100000 (base 2) in base 16?
d8620
What is 30934 (base 11) in base 8?
127771
What is 7623b (base 16) in base 3?
220120210012
What is 20220121201 (base 3) in base 5?
13323140
What is -385 (base 16) in base 2?
-1110000101
a35875 (base 11) to base 14
313a42
Convert -105922 (base 10) to base 13.
-3929b
Convert 21433122 (base 5) to base 8.
554446
What is -904a4 (base 11) in base 3?
-20201120111
3433052 (base 6) to base 13
61c3a
What is 111384 (base 9) in base 8?
202142
What is 180308 (base 14) in base 10?
845748
Convert 16583 (base 13) to base 16.
a6c7
Convert -2021120000100 (base 3) to base 8.
-4476327
What is -193bc (base 16) in base 13?
-38076
20211102010010 (base 3) to base 11
205a116
Convert -2a855 (base 12) to base 9.
-101232
What is -313800 (base 10) in base 7?
-2444604
Convert 27498 (base 13) to base 6.
1323210
What is 20132111303 (base 4) in base 16?
21e573
1790713 (base 12) to base 13
103146c
-225525 (base 8) to base 4
-102231111
Convert 525404 (base 7) to base 16.
16280
What is 1044034304 (base 5) in base 11?
1351aa9
Convert 1022300030 (base 4) to base 6.
10321312
111100111101011110 (base 2) to base 8
747536
Convert 13516345 (base 7) to base 10.
1265164
What is 12402113 (base 5) in base 11?
83863
-3117080 (base 11) to base 10
-5499780
What is 20733315 (base 8) in base 12?
15a0151
Convert -26b2c4 (base 15) to base 9.
-3444714
What is 102002100200100 (base 3) in base 13?
12b3c6a
Convert 1cc9ab (base 13) to base 4.
2311022203
Convert -10102421243 (base 5) to base 4.
-212322211220
What is 126212 (base 9) in base 3?
10220020102
What is -2021021112100 (base 3) in base 2?
-100100110011110001001
407128 (base 9) to base 6
5101342
Convert -1158b9 (base 12) to base 10.
-279501
What is 152661 (base 7) in base 8?
72213
What is -426306 (base 7) in base 12?
-36b69
What is -3c6793 (base 15) in base 12?
-b82770
What is 20a540 (base 13) in base 16?
bae0d
1210000002110 (base 3) to base 6
32130150
Convert -12460 (base 15) to base 7.
-332106
Convert -10f876 (base 16) to base 6.
-35500554
Convert 7170528 (base 9) to base 13.
a3c30a
Convert 23121142 (base 5) to base 15.
417ec
What is 2015234 (base 6) in base 3?
11212101111
What is -121022210 (base 4) in base 16?
-192a4
Convert -3241587 (base 9) to base 10.
-1739878
What is 4796da (base 16) in base 11?
2714a19
54235404 (base 6) to base 3
10000122100111
10034313 (base 6) to base 5
33103210
2305060 (base 7) to base 16
462f4
What is 3330443342 (base 5) in base 4?
123301213021
What is b4393 (base 13) in base 16?
4f002
-118239 (base 10) to base 14
-31139
What is -487322 (base 12) in base 5?
-300030040
What is -3550356 (base 7) in base 6?
-13343303
Convert -39209 (base 13) to base 10.
-105803
Convert 112332331 (base 4) to base 7.
541315
bcbda (base 14) to base 11
292a9a
What is -1160483 (base 10) in base 11?
-722985
What is a059a (base 14) in base 5?
44312101
-4149322 (base 10) to base 2
-1111110101000001001010
What is 1031212002 (base 4) in base 14?
83b7c
What is 14d0b89 (base 14) in base 16?
9b5f75
What is -133016 (base 10) in base 4?
-200132120
What is -100111111000101111010100 (base 2) in base 13?
-22212c3
6665266 (base 7) to base 2
11001000111011011011
What is ba38ff (base 16) in base 9?
24861118
-21d75c (base 14) to base 3
-2011111010200
13cdbd (base 16) to base 11
807107
Convert 97ea9 (base 15) to base 9.
814846
-1707727 (base 10) to base 13
-47a3b8
Convert -1020101221 (base 3) to base 6.
-304424
What is 4687aa6 (base 12) in base 9?
27553260
What is 1121221210102 (base 3) in base 13?
243a49
Convert 346570 (base 9) to base 16.
32d69
What is 2002122200 (base 3) in base 6?
515113
10001111101010100101100 (base 2) to base 4
101331110230
4a7203 (base 11) to base 4
3003112300
What is 11036 (base 10) in base 7?
44114
What is 29685a (base 11) in base 16?
7102a
1130341204 (base 5) to base 16
2785e3
-57d8c (base 14) to base 9
-355443
Convert -10110101101001001100 (base 2) to base 15.
-ea6ac
-11165a (base 12) to base 13
-96baa
What is -1001101100110111000100 (base 2) in base 16?
-26cdc4
What is 1000010001011101100 (base 2) in base 6?
5451004
What is -90a3b0 (base 12) in base 9?
-4220426
332190 (base 10) to base 16
5119e
What is 13171 (base 13) in base 15?
a75d
-22330454 (base 6) to base 3
-1021120120121
1230381 (base 9) to base 8
2433542
Convert 1942aba (base 13) to base 6.
453354355
-54832 (base 9) to base 5
-2131043
What is 315644 (base 11) in base 13?
148c64
221010300 (base 4) to base 9
275703
Convert 20122312002 (base 4) to base 5.
1031111411
What is 11100010011111000000001 (base 2) in base 14?
db286d
-21cce (base 15) to base 3
-12110111012
What is -1010001011100011010101 (base 2) in base 4?
-22023203111
10100100100110001001 (base 2) to base 6
22241121
What is 1111011010111010101011 (base 2) in base 5?
2013324121
Convert -5ec44 (base 15) to base 3.
-120101211101
88063 (base 12) to base 9
303553
12001021222202 (base 3) to base 12
a945b5
-160326 (base 7) to base 15
-9470
What is -4143402 (base 6) in base 10?
-200378
5d9796 (base 14) to base 15
4377a3
423357 (base 10) to base 4
1213112331
-434341 (base 8) to base 11
-9a464
Convert 1054bb (base 15) to base 2.
10111101110001101110
-101001001010011001101 (base 2) to base 5
-321130223
What is 1a7571 (base 11) in base 13?
b1661
What is 657054 (base 8) in base 2?
110101111000101100
Convert 212312440 (base 5) to base 12.
3754ab
What is -23bb44 (base 12) in base 11?
-367172
What is -e61337 (base 15) in base 5?
-10300022402
Convert -b3559 (base 15) to base 13.
-16b825
-120021 (base 9) to base 15
-165ca
Convert -1000100011001101010 (base 2) to base 3.
-112020022200
Convert -34 (base 12) to base 7.
-55
Convert 7d1773 (base 15) to base 16.
5b3ab8
1002212211221 (base 3) to base 10
588193
What is 938338 (base 10) in base 2?
11100101000101100010
Convert 1220112202 (base 4) to base 10.
427426
What